 s = 13 + 6. Let a = s + 5. Let w = 227 + -157. Calculate the remainder when w is divided by a.
22
Suppose x - k + 14 = 3*k, 0 = -x + k - 2. Let n(f) = 0 - 7 - 5*f**x + 6*f**2 - f. Calculate the remainder when 24 is divided by n(5).
11
Suppose 3*v + 1 = -m + 2*m, -2*m = 4*v + 18. What is the remainder when 67 is divided by (-669)/(-39) - v/(-13)?
16
What is the remainder when (2/6)/((-2)/(-3792)*8) is divided by (2 + -3)/(2/(-54))?
25
Let u(b) = 11*b**3 + 11*b**2 - 15*b + 5. Let m(t) = 7*t**3 + 7*t**2 - 10*t + 3. Let h(d) = -8*m(d) + 5*u(d). What is the remainder when 7 is divided by h(-3)?
3
Suppose -2*g + 9 = -3*r - 50, 0 = 2*g - 4*r - 62. Calculate the remainder when g is divided by 12 + (-4)/(-8)*4.
11
Let y = 47 + -9. What is the remainder when y/(3*(-6)/(-9)) is divided by 11?
8
Let r(m) = m**2 - 6*m - 8. Calculate the remainder when 39 is divided by r(8).
7
Let b(v) = -v**3 + 9*v**2 - 5*v + 1. What is the remainder when b(4) is divided by 13?
9
Suppose -3*c - 5*u - 8 = -5*c, -4*c + u + 16 = 0. Suppose 5*t - 72 = t + 4*p, c*p = -t + 13. Calculate the remainder when 33 is divided by t.
16
Suppose -z + 2*t + 26 = 2*z, 4*z - 4*t - 36 = 0. Suppose -4*f + 26 = 2*u + f, u - 2*f - 31 = 0. Calculate the remainder when u is divided by z.
7
Let s(c) = -2*c**2 + 5*c + 4. Let u be s(4). Suppose 2*o + 25 = 3*l + o, -5*l + 30 = -4*o. What is the remainder when 142/8 + (-2)/u is divided by l?
8
Let q = 4 - 1. Suppose -4*f = -10 + 2. Suppose 0 = -y - f*j + 19, -4*y = -0*y - 3*j - 21. What is the remainder when y is divided by q?
0
Suppose 9*d - 98 = 100. Calculate the remainder when 65 is divided by d.
21
Let j = 19 + -12. Let m = 71 - 52. What is the remainder when m is divided by j?
5
Let t(g) = g**3 - 2 + 2*g + 4*g - g**2 + 0*g. Calculate the remainder when t(4) is divided by 24.
22
Let m = 128 + -116. What is the remainder when m is divided by 4?
0
Suppose 5*q - 523 = -133. What is the remainder when q is divided by 16?
14
Suppose d - 10 = -4*d - t, -2*t - 2 = -d. Suppose -k + 18 = -4*g, 3*k + 5*g = d*k. Let x(c) = 5*c**2 - c. What is the remainder when k is divided by x(-1)?
4
What is the remainder when 59 is divided by 16/(-10)*(-1 - (-3)/(-2))?
3
Let g be (1 - 3 - -2) + -12. Let b(s) = -s**3 - 2*s**2 - 5*s - 10. What is the remainder when b(-3) is divided by (g/(-10))/((-3)/(-10))?
2
Let v = -3 - -21. What is the remainder when 34 is divided by v?
16
Let r(k) = k + 5. Let i be r(-6). Calculate the remainder when 43 is divided by i/((1/(-15))/1).
13
Let b(d) = -3*d + 9. Let x be b(-8). Suppose -21 - x = -3*f. Calculate the remainder when f is divided by 7.
4
Suppose 4*o + o - 3*j - 193 = 0, -2*o + 77 = -j. Suppose -l + o = l. Calculate the remainder when ((-8)/(-10))/((-1)/(-70)) is divided by l.
18
Suppose -14*l = -69 - 43. Suppose c = m + 19, c - 2*m = 4*c - 32. What is the remainder when c is divided by l?
6
Suppose -3*c - 5 = 10, 0 = d + 2*c - 21. What is the remainder when d is divided by 17?
14
Suppose 37 = 5*v - 208. What is the remainder when v is divided by (-12)/(-4) + -3 + 17?
15
Let d(h) = h**2 - 2*h + 5. Let x be d(6). Suppose 11 = k + 4*s, -5*s + 0*s = -k + x. Calculate the remainder when 55 is divided by k.
17
What is the remainder when 2 is divided by 3 + (2/(-4))/((-1)/(-2))?
0
Let h(b) = b**2 + 4*b - 3. Let x be h(2). Calculate the remainder when (-8)/36 + 20/x is divided by 1.
0
Suppose 0 = 7*m - 6*m - 9. What is the remainder when m is divided by 6?
3
Suppose -2*d + 17 = 5*i, 2 = -3*i - 5*d + 16. Let s(z) = z**2 - 1. Let w be s(1). Suppose -i*p + 40 + 5 = w. Calculate the remainder when 28 is divided by p.
13
Let b(a) = -a**3 - 5*a**2 - a. Let z be b(-4). Let t be (2 + -3)/(2/z). Suppose -2*h + 16 = t. Calculate the remainder when h is divided by 2.
1
Let a be (-4)/(-20) + 51/(-5). Let c = 16 + a. What is the remainder when c is divided by 5?
1
Suppose 0 = 3*j - j - 8. Calculate the remainder when 8 is divided by j.
0
Suppose 0 = 2*m + m + 5*p - 168, -5*p = -3*m + 198. What is the remainder when m is divided by 48*-6*6/(-54)?
29
Let r = 39 - 18. Calculate the remainder when r is divided by 6.
3
Let y = -12 - -24. Suppose -5*l + 178 = -52. Calculate the remainder when l is divided by y.
10
Suppose -4*g - g - 2*c = -27, 0 = 3*c - 3. Suppose r - g*p - 33 = 0, -p = -4*r - 0*p + 151. Calculate the remainder when r is divided by 20.
18
What is the remainder when (-85)/(-2) - (-1)/(-2) is divided by 11?
9
Suppose 3*p = -2*p + 80. Calculate the remainder when 24 is divided by p.
8
Suppose 0 = -2*u - 8 + 32. Suppose 2*d = -0*d - u. What is the remainder when 2/3 + (-134)/d is divided by 12?
11
Let b(s) = -2*s + 15. Let m be b(10). Let d(z) = -2*z + 5. Calculate the remainder when 59 is divided by d(m).
14
Let n be -27*(-1 + -1 + 1). Let o = n + -16. What is the remainder when 31 is divided by o?
9
Let g(a) = -a**2 + 5*a. Let i be g(5). Suppose 2*j + 3 - 9 = i. What is the remainder when 13 is divided by j?
1
Suppose 0 = -5*f + 3*f - 2*i + 16, 37 = 4*f + 3*i. Let v be (4/10)/(3/30). Suppose 214 = v*z + 66. What is the remainder when z is divided by f?
11
Let d(q) = -q - 18. Suppose -j + 3*b = -15, 6*j - j = -4*b - 20. Let t be d(j). Let p = t + 25. Calculate the remainder when 13 is divided by p.
6
Let w = 9 - 5. Suppose -3*i + 38 = w*o, -3*i + o = -o - 8. What is the remainder when 11 is divided by i?
5
Let x be 12/(-12)*-1*4. Suppose 0*u - x*u - 8 = 0. Calculate the remainder when u*(33/(-6) + -3) is divided by 10.
7
Suppose 145 = -4*v + m, -v + 5*m = 3*v + 133. Suppose -60 = -3*t + 4*t. Let s = v - t. Calculate the remainder when s is divided by 13.
10
Let f(g) = g**3 + 6*g**2 + 4*g + 10. Calculate the remainder when 58 is divided by f(-5).
13
Let p = 13 - 10. Let f(z) = 8 - 9 - 4*z + 3*z + p*z**2 + 5*z**2. Calculate the remainder when f(2) is divided by 16.
13
Suppose 3*s - 28 = 5. Calculate the remainder when 21 is divided by s.
10
Suppose -65*r = -60*r - 145. Calculate the remainder when r is divided by 23.
6
Let j(i) = -i - 1. Let w be j(-3). Suppose n + 3 = x + w, -28 = 4*n + 4*x. Let h = -2 - n. What is the remainder when h is divided by 1?
0
Let b(z) be the first derivative of 35*z**4/4 + z**3/3 - z**2/2 + z + 2. Calculate the remainder when b(1) is divided by 13.
10
Suppose -14*y + 330 = 106. What is the remainder when y is divided by 2/4*0 - -9?
7
Suppose 6 = k + 4. Let s(d) = 1 - 3*d**k + 4*d**2 - 2*d - 2*d + 4. What is the remainder when s(8) is divided by 13?
11
Let d(v) = -13*v - 6. What is the remainder when d(-5) is divided by 20?
19
Let j(b) = b**2 - 6*b - 12. Let n be j(9). Let z = 26 - n. Calculate the remainder when z is divided by 3.
2
Let u(v) = -v**3 - 2*v**2 + 7*v + 6. Let p be u(-4). What is the remainder when 20*-1*(-25)/p is divided by (0 - 18)/(-1) - 1?
16
Suppose 0 = -5*w - m + 88, 2*m + 21 + 1 = w. Suppose -w = -x - x. What is the remainder when 33 is divided by x?
6
Let t be (76/(-5))/(2/(-5)). Suppose 4*u = -2*c + t, -5*u + 53 = -c - 2*c. Let j = u - -30. Calculate the remainder when j is divided by 21.
19
Suppose 8*r - 264 = 5*r. What is the remainder when r is divided by 30?
28
Calculate the remainder when (2/2)/((-1)/(-37)) is divided by 19.
18
Let g = -116 - -82. Let d = g - -52. Suppose -5*w = 5, -2*l - l + 2*w = -158. Calculate the remainder when l is divided by d.
16
Let u(f) = 6*f**3 - 2*f**2 + 3*f - 5. What is the remainder when 80 is divided by u(2)?
39
Suppose n = i + 40 - 13, 132 = 5*n - 4*i. Suppose 0 = -4*o + 142 + 46. Calculate the remainder when o is divided by n.
23
Let v(s) = s**2. Let c be v(0). Suppose c = -3*g + g + 96. Suppose 5*t - g = 17. Calculate the remainder when t is divided by 7.
6
Suppose 5*c + y - 19 - 18 = 0, -c - 4*y = 4. Let v = 19 - -4. Calculate the remainder when v is divided by c.
7
Suppose 2*c + 0*c - 37 = -3*s, -3*s + 4*c = -25. What is the remainder when 41 is divided by s?
8
Suppose -2*o + 1 = -29. Let z = -1 - -5. Calculate the remainder when o is divided by 291/33 + z/22.
6
Let i = 5 - 8. Let b = -1 + i. Let d = b - -5. What is the remainder when d is divided by 1?
0
Let b(w) = w**2 - 7*w + 5. Let k be b(4). Suppose 3*l + 42 = l. Let o = k - l. What is the remainder when o is divided by 8?
6
Suppose -2*q + 5 = -3. Suppose 0 = -q*b + 16, 2*b = a - 0 - 3. C